 - 2*n. What is the remainder when r is divided by i(-4)?
22
Suppose 0 = -70*o + 54*o + 112. Calculate the remainder when 15 is divided by o.
1
Let h = 72 + -53. Let w = h - -15. What is the remainder when w is divided by 11?
1
Suppose 4*g + 3*o = 607, -o = -g - 0*g + 157. Let t = -65 + g. What is the remainder when t is divided by 30?
29
Suppose 2*t - 17*t = -375. What is the remainder when 170 is divided by t?
20
Let c = 277 - 253. Calculate the remainder when c is divided by 5.
4
Suppose -4*j - 4 = l, 0*j + 10 = -5*j. Suppose 3*g - l = 20. Calculate the remainder when 21 is divided by g.
5
Let b(y) = y**2 + 13*y - 9. What is the remainder when b(-20) is divided by 44?
43
Let c = 7 - 5. Let w(z) = -17*z + 11. Let t be w(1). What is the remainder when 9 is divided by ((-8)/6)/c*t?
1
Suppose 8*c = 513 + 255. Suppose i + 4*z = -i + c, -z - 130 = -3*i. Calculate the remainder when i is divided by 9.
8
Let o = -45 - -90. Calculate the remainder when 81 is divided by (2 - (-460)/o) + 4/(-18).
9
Let g(l) = -l**2 - 29*l + 6. What is the remainder when 116 is divided by g(-25)?
10
Let l(m) = 2*m**2 - 4*m + 4. Let w be l(2). Suppose 58 = 3*y - 2*c, y + c - w*c = 24. What is the remainder when y is divided by 10?
8
Let j(o) = -23*o - 45. Calculate the remainder when j(-14) is divided by 8.
5
Suppose 31 = 2*c - 43. Calculate the remainder when ((-506)/33)/(-2*(-3)/(-72)) is divided by c.
36
Let c = 130 - 34. Suppose -i = i - c. Let g = 280 - 270. Calculate the remainder when i is divided by g.
8
Let t = 9 - 4. Suppose -s + 3 = -2, -t*x + 4*s = -480. Suppose -5*q + 81 = l + 33, -3*l = 4*q - x. Calculate the remainder when 82 is divided by l.
26
Let h = -4 + 14. Let k(p) = -31*p**2 - h - 17*p + 33*p**2 + 3*p. Calculate the remainder when k(11) is divided by 20.
18
Let j(w) = -2*w**3 + 13*w**2 + 7*w + 17. Suppose 36*d - 35*d - 45 = 0. Calculate the remainder when d is divided by j(7).
11
What is the remainder when 20 is divided by 3*42/(-54)*-3?
6
Let x be 8/4 - (-5)/(-5). What is the remainder when 49 is divided by 1290/75 + x/(-5)?
15
Let j = -96 + 155. Calculate the remainder when 294 is divided by j.
58
Suppose 79*l - 54*l = 5800. Calculate the remainder when l is divided by 68.
28
Let q(f) = -f**3 - 9*f**2 - 9*f - 6. Let d(z) = z - 16. Let r be d(8). Let o be q(r). Suppose -o*g = g - 30. Calculate the remainder when 37 is divided by g.
7
Let d(t) = -t**3 + 10*t**2 - 11*t + 9. Let h be d(7). Suppose l + 0*l - h = 0. Calculate the remainder when l is divided by 27.
25
Let m be 0 - 159/(4 - 5). What is the remainder when ((-18)/27)/((-2)/m) is divided by 8?
5
Let f be 28/(-2)*6/4. Calculate the remainder when 37 is divided by ((-80)/(-28))/(3 + 57/f).
7
Let l = 413 + -339. Calculate the remainder when l is divided by 18.
2
Let a = -3 - -39. Let o be ((-48)/a)/(2/(-3)). Suppose 0 = s + j - 3*j + 8, -5*s + o*j = 0. Calculate the remainder when s is divided by 1.
0
Suppose 0 = -5*x - 2*j + 249, 6*x - 57 = 5*x + 2*j. Let r(n) = -2*n**2 - 50. Let u be r(0). Let p = u - -63. What is the remainder when x is divided by p?
12
Let r(p) = 2*p + 22. Let l be r(-9). Suppose -3*s + 55 = 5*f - 0*s, -4*s + 36 = 4*f. Let o = l + f. Calculate the remainder when o is divided by 7.
4
Let t = -16 + 13. Let m(q) = -5*q - 3. What is the remainder when ((-14)/8)/7 - 170/(-8) is divided by m(t)?
9
Let h(g) = g**2 + 34*g + 118. What is the remainder when 48 is divided by h(-31)?
23
Suppose 3*m + 19 = q, -q - 2*m + 9 = -10. Suppose p - 42 = q. Let z = 25 + -9. What is the remainder when p is divided by z?
13
Suppose -45 = -2*v - 3*v. Suppose 2*j = v*j - 21. What is the remainder when 6 is divided by j?
0
Let m(d) = 5*d. Let u(c) = -c + 2. Let w be u(0). Suppose -w*x = z - 4*z, z - 22 = -3*x. Calculate the remainder when m(x) is divided by 16.
14
Suppose -5*y + 14 = -521. Suppose -119*z = 24*z - 3041 - 2250. What is the remainder when y is divided by z?
33
Let h(u) = 168*u**2 + u - 1. What is the remainder when h(1) is divided by (-1)/(-2) - 200/(-16)?
12
Let a be (2 + 1 - 3)/(-1). Suppose 0*h - 2*x - 102 = -4*h, 4*h + 2*x - 122 = a. What is the remainder when 110 is divided by h?
26
Suppose 7*w - 270 = w. Suppose 89*b - w = 84*b. What is the remainder when 43 is divided by b?
7
Suppose 5*s + 3*p = 0, -s - 3*s - 3*p + 3 = 0. Let k be (1 + s)/(-1) - -2. Let j(c) = 3*c**2 - 7*c + 6. Calculate the remainder when j(k) is divided by 9.
8
Suppose 5*n - 778 = 3*j, -2*n = j - 2*j - 311. Let r = -72 + n. Calculate the remainder when r is divided by 29.
25
Suppose 17*i - 286 = 6*i. Calculate the remainder when (-7)/7 + (128 - 0) is divided by i.
23
Let o = 235 + -121. Let z = 36 + -7. What is the remainder when o is divided by z?
27
Suppose -86 + 460 = 22*d. What is the remainder when 132 is divided by d?
13
Let x = -133 - -176. What is the remainder when 127 is divided by x?
41
Let n(q) = -21*q. Let w be n(-1). Suppose -1 = 5*v - w. Calculate the remainder when 5 is divided by v.
1
Let h(g) = -g**2 + 4*g - 1. Let u be h(5). What is the remainder when -4 + 35 - (-2 - 1) is divided by (u/9)/(8/(-108))?
7
Let x(u) = -17*u - 17. Let i be x(-19). Let h = -3 - -6. Suppose 4*p + 3*z = 429, -h*z - i = -3*p - 0*z. Calculate the remainder when p is divided by 27.
24
Suppose t = 2*o + 15, -3*t = o - 35 - 31. Suppose -14*i - 42 = -t*i. Calculate the remainder when 12 is divided by i.
0
Suppose -21 = -f - 6*f. Suppose 0*c - 6 = -f*c, 0 = 5*k + 4*c - 88. Calculate the remainder when 29 is divided by k.
13
Let i(z) = z - 21. Let a be i(25). What is the remainder when 23 is divided by ((-6)/a)/(21/(-448)*4)?
7
Let k = 7 - 3. Suppose 3*p - 37 = -5*j + 6*p, -k*j - 2*p = -34. What is the remainder when 39 is divided by j?
7
Let n = 2 + -8. Let k = 66 - 75. Calculate the remainder when 62/4 - k/n is divided by 8.
6
Suppose 5*i - 241 = -4*h, h + 113 = 2*i + 14. Calculate the remainder when i is divided by 0 + (-51 + 1)/(-2).
24
Suppose c - 2*x + 6*x = 28, 4*x = -3*c + 68. Calculate the remainder when 60 is divided by 10/4*168/c.
18
Let f(l) = 2*l**2 + 7*l + 7. Let i be f(-5). Suppose -i = 8*d - 9*d. Let y = 11 + -3. Calculate the remainder when d is divided by y.
6
Let f = -382 - -402. Let t(g) = -5*g**3 - 3*g**2 + 2*g - 3. What is the remainder when t(-3) is divided by f?
19
Suppose -2080 = -21*r + 125. Suppose -r + 411 = 6*m. Calculate the remainder when m is divided by 13.
12
Let g(c) = 1 - 9*c - 11 - 14 - 14. What is the remainder when g(-7) is divided by 10?
5
Let t(a) = 12*a**2 - 2. Let g be t(2). What is the remainder when (-25)/(-10)*g/5 is divided by 9?
5
Suppose -13*k - 8 = -9*k. Let w(u) = -28*u + 2. What is the remainder when w(k) is divided by 21?
16
Let m = -4 + 4. Suppose 2 = i, -i + 8 = -3*h - m*i. Let v = h + 6. What is the remainder when 4 is divided by v?
0
Suppose -6*d + 309 = -3*d. Suppose d = -3*i + 400. Calculate the remainder when i is divided by 18.
9
Let p(u) = -u**2 + 14*u + 28. Let z be p(13). Suppose z = 7*j - 43. What is the remainder when 22 is divided by j?
10
Suppose -2*p + 6*w + 37 = 7*w, 0 = 4*p - w - 59. Calculate the remainder when 51 is divided by p.
3
Suppose 30 - 5 = x. Let z = -3 + x. Suppose 2*v = -2*v + 340. What is the remainder when v is divided by z?
19
Let y be 12/72 - (-554)/(-12). Let p = -10 - y. Calculate the remainder when p is divided by (1/3)/((-2)/(-78)).
10
Suppose x = -0*s - s + 16, 3*x - 18 = -s. Let t(q) = -2*q + 7*q - 3*q - q - 10. What is the remainder when 19 is divided by t(s)?
4
Let n = 63 - -63. What is the remainder when n is divided by 32?
30
Let q = -7 - -8. Let u be (0 - (11 - 3))*q. Calculate the remainder when (1 + 54)*u/(-4) is divided by 28.
26
Let p(f) be the second derivative of -f**3/3 - 7*f**2 + 23*f. Calculate the remainder when 83 is divided by p(-14).
13
Let k be 12*(2 - (-15)/(-9)). Suppose -k*m = 3*u - 49, -5*u + 86 = 5*m + 6. What is the remainder when 55 is divided by u?
10
Let i(s) = -6*s**2 - 8*s + s**2 + 4*s**2 - 4. Let u(p) = 9*p + 4. Calculate the remainder when u(2) is divided by i(-6).
6
Let l = -13 + -14. Let f = l - -40. Calculate the remainder when 33 is divided by (-2)/f - (-2596)/143.
15
Let t = 59 - 29. Suppose -2*u - 10 = 0, 2*i - 2*u - u + 9 = 0. Let m = 28 + i. What is the remainder when t is divided by m?
1